 - (-9 - 1 - -15) - (-2 - (-11 - 67))
-76
(-441 + 529 - (-5 - -2)) + -34
57
What is (5 - -2) + (-43 + 29 + 5 - 90)?
-92
What is (55 - -15) + (-20 - (-11 - (-3 + 1)))?
59
Evaluate 14 + 63 + (-718 - -762).
121
What is 13 + (6 - (-4 + 9)) - (10 - 0) - -42?
46
Calculate (-63 + (2 - 2) - (-579 + 572)) + 7.
-49
What is the value of (-2 - (14 - 24)) + -85 - 4?
-81
What is 3 - 9 - 0 - (33 + 10 + -59)?
10
Calculate -14 + (-12 - (58 + -19)).
-65
Evaluate (-4 - 1) + -35 + -530 + 640.
70
Evaluate -44 - -28 - 65 - -87.
6
-26 + -11 + (48 - 45)
-34
2 - (-1 - -4) - (25 + (-33 - 14))
21
Calculate 10 + (0 - (-1 - -2)) - (-4119 + 4115).
13
What is the value of -56 - (1 + -1 + 11 - (11 + -5 + 13))?
-48
-38 - -25 - (-102 - (-14 + 19 + 2))
96
What is the value of -4 + -1 + -791 + 799?
3
22 - 25 - -3 - -35
35
(-15 - (-126 + 63)) + -94
-46
13 - (14 - -20 - -4) - -97
72
What is the value of (82 - -54) + -79 - 72?
-15
Evaluate (1 - -20) + 263 + -252.
32
What is the value of 21 - (-31 - (13 - 22))?
43
What is (53 - 62) + -19 + -14?
-42
What is 279 - 880 - -596 - (-1 - (-1 + 16))?
11
What is (42 - 1 - (-3490 + 3532)) + -57 + 3?
-55
What is 11 + (-16 - (14 - 9)) + 9 + 3 - 16?
-14
7 - (-14 + (3 - (-3 - (11 - -8))))
-4
What is -21 + -1 - (-484 + 409) - 23?
30
What is -61 + 51 + 4 + -1 - -64?
57
What is -43 + -82 + -36 + 93 + -48?
-116
Calculate 107 + (-10 - 43) - 52.
2
195 + -183 + -8 + -6 + 6 + -2
2
Calculate (-1 - 2) + (21 - (19 + -13 + (-12 - -29))).
-5
Calculate (-1 - 1 - (-6 - (-1 + -8))) + 14.
9
What is -4 + 6 - (-4 + -6 + 4 + 11)?
-3
Evaluate -23 + 2 + -4 + 3 + (-4 - 1).
-27
What is -3 - (1 + -37 + 1 + (14 + -26 - -5))?
39
What is the value of 87 - (20 - 5 - -17)?
55
Evaluate -72 - -49 - (-5 + (-9 + 4 - 4)).
-9
What is -3 + 5 + -4 + (65 + 3 - (76 + -80))?
70
What is (8 + -5 - 11 - -11) + 28?
31
Evaluate -16 + -1 + (21 + (1 - -51) - -2).
58
What is the value of -6 - 2 - (43 + -49 - (92 + (-10 - -14)))?
94
What is the value of -13 + 0 + 0 + -2 - (-3448 + 3377)?
56
Calculate -74 + (11 + 74 - -3).
14
Calculate 44 + 1 + 56 + -23 + -34.
44
-81 + 21 + -18 + -17 + 33 + -19
-81
What is -58 - -6 - -11 - (-86 - -66)?
-21
48 + 25 - 76 - ((0 - -66) + (-3 - -1))
-67
Calculate -6 + (-4 - -11) - ((-1 - 3) + (3 - 65)).
67
(-1 - 3 - (731 + -843) - -7) + -15
100
What is (49 - 33) + (-152 - -21) - -27?
-88
What is the value of -2698 + 2745 - (9 + 0)?
38
Calculate -57 + (72 + 24 - 59).
-20
What is the value of -84 + 7 - (-6 + (-22 + 0 - -24))?
-73
What is the value of (-30 + 12 - -17) + -63 - -24?
-40
What is (8 + 7 - 13) + (3 - (0 + -3) - 45)?
-37
What is the value of -77 - ((-57 - 1) + 48)?
-67
What is the value of 81 + 0 - (27 - ((44 - 20) + -27) - 25)?
76
What is -50 + (109 - (-124 - -108))?
75
-25 + (93 - 98 - (0 + 4 + 0))
-34
Calculate -20 + 20 + 11 + 23.
34
Calculate 0 + 0 + 50 + (-38 + -42 + 58 - -16).
44
Calculate 3 - (-31 + 0 + 18 + -10 + 11).
15
-17 + (-25 + 70 - 25 - 131 - 3)
-131
-5 + (-1 - 1) + 47 + 121 + -152
9
Calculate -22 - (24 + -55 + 32).
-23
What is the value of 34 - ((117 - 55) + -50 + (-1 - 13))?
36
(-11 - -1) + 55 + -62 + 22 + 120
125
Evaluate -48 + 7 + (13 - 7) + 4 + -2 + -19.
-52
Calculate -30 + 16 + (-1 + 49 - (2 + 15 + -8)).
25
Evaluate -17 - (-32 - 19) - 46.
-12
What is 22 + (-82 - -1) + -1 - 16?
-76
What is -43 + 43 - (7 - (-1 + -12) - -5)?
-25
What is the value of -34 - 2 - -5 - (-85 - -68)?
-14
Calculate 263 - 256 - (-5 + 39 + 5).
-32
Evaluate 2 + 67 + (-606 - -534).
-3
(1 - 26) + -7333 + 7349
-9
Evaluate (100 - 171) + 111 + -143.
-103
What is the value of (5 - (13 - 14)) + 2 + -2 + -5?
1
Evaluate -6 - (1290 + -1282 - (-34 + (1 + 2 - 2))).
-47
Calculate 18 - 22 - (-8 - (-10 + -18) - 19).
-5
What is the value of 11 - 1 - 9 - (-1 + 4 + 12 + -1)?
-13
Evaluate -45 + (-1 - -4) + (-60 + 35 - -21).
-46
What is the value of -88 - (43 + -4 - (599 - 580))?
-108
What is (0 - (3 + 0 + 6)) + (67 + -108 - 16)?
-66
Evaluate -11 + -26 + -4 + 10 + 7 + 1.
-23
-2 + -8 - (24 - -1 - -4 - 18)
-21
(43 - 107 - (-23 - -4)) + 5
-40
-38 - -23 - (-24 - (10 - (12 - -6)))
1
Evaluate 9 - ((-28 - (10 + -77)) + 68).
-98
-2 - -10 - (3 + (0 - (-3 + 9 + 5)))
16
Evaluate (-4 + -9 + (5 - 3) - (89 - 14)) + -10.
-96
Evaluate 147 - (144 + (8 - 75)).
70
Evaluate -93 - ((-29 - -40) + -44 - 1).
-59
Calculate 78 + 55 + -46 - 53.
34
What is the value of 8 + (22 - (-4 + 24)) + -2 + 4?
12
Evaluate -3 - (58 - 59 - -45).
-47
Evaluate (282 - 119 - 155) + -21 + (-3 - -3).
-13
What is the value of 1 - (-80 - (-10 - -17))?
88
What is the value of (2 - -25) + (58 - (14 + 35))?
36
What is (2 - 1) + -19 + -68 + 83 + -1?
-4
Evaluate 5 + 6 + -2 - (92 + -25 - 8).
-50
Evaluate -18 - (-14 + 14) - 7 - -8.
-17
19 + -51 + 30 - (-6 - -12 - 6) - -127
125
39 - (-27 + 63 + -10)
13
59 + -51 + 43 - ((-3 - -7) + -11)
58
Calculate 390 - 344 - (1 + (11 - 56)).
90
What is the value of (1309 - 1283) + (2 - 3) + -29?
-4
Evaluate 10 + (35 + -84 - -18) - (-82 - -1).
60
Evaluate (14740 - 14651) + 0 + 0.
89
What is 3544 + -3419 + (-7 - 1)?
117
(102 - 49) + 20 + -34
39
23 + -41 + -60 + 41
-37
What is (13 - 22) + 5 + 3 + 81 + -182?
-102
-15 + 64 + -46 + (-1 - (-60 + (-4 - -3)))
63
What is -879 + 820 + (-2 - 2)?
-63
What is the value of 51 - (-25 + (70 + 18 - 27))?
15
What is the value of 3 + 8 + (10 - -2) + 30 + -35?
18
What is 7 + 0 + -2 - (1867 + -1843)?
-19
Calculate 1 - (24 - -1) - (-63 - -50 - -25).
-36
Calculate (14 - (6 - 1)) + (0 - 0) + -25 + 8.
-8
(-1114 - -1041) + (-1 - -25)
-49
Calculate -103 + 91 - (57 - 0) - (-23 + (-5 - -15)).
-56
Evaluate -10 - 0 - (-331 + 316).
5
What is the value of 118 + -133 - (5 + 2)?
-22
Evaluate -7 + -9 - ((-29 - -3) + 7).
3
What is the value of 15 + -33 - -19 - ((1 - 3) + -10 + 6)?
7
Evaluate -13 - 6 - 32 - -23.
-28
What is the value of (6 - (-25 + -71)) + -76?
26
What is -4692 + 4772 - (-1 + 62)?
19
-16 + (107 - (16 - (-9 + 20 - 2)))
84
Calculate -108 + (8 - 19) + (-11 + -14 - -31).
-113
(61 - 58) + -28 + 58
33
-26 - -19 - 15 - 11
-33
What is the value of -3 + -46 + 16 + -12 + 1?
-44
What is 78 + (22 - 38) - 42 - 25?
-5
Calculate (27 - (24 + 29)) + 37 + (-81 - -4).
-66
(-193 + 116 - -96) + -15
4
12 + 2 + -4 - (88 - (19 - -18))
-41
Calculate -24 + (97 + 23 + -9 - 22).
65
What is -5 + -21 - 5 - (-21 + -17 + 38)?
-31
0 - 3 - (644 - 634) - -4
-9
What is the value of 3 - 1 - ((8 - -37) + 4 + -20)?
-27
Calculate -11 - (-709 + 718 + -9 + -1 + -1 - 63).
54
Calculate -35 - (2 - (2 + (8 - 22))).
-49
What is the value of -81 - ((16 - 15 - 1) + (13 - 7) + -1)?
-86
What is the value of 30 + (100 - (-100 + 194))?
36
What is the value of 3 + -14 - (-69 + 109 - 45)?
-6
(-6 - -1) + 1 - (140 + -153)
9
58 + 1 + -5 + -173 + 159
40
(-10 - (6 - 0 - -4 - (23 - 11))) + 96
88
What is (-61 - -78) + (5 + 6 - 28) + (-70 - 1)?
-71
What is -42 - (41 + -26 + 32 + -26)?
-63
What is the value of -5 + (19 - 83) + 37?
-32
What is (2 - 1 - 13) + -13 + 7 + -15?
-33
-3 - -36 - (22 - -19)
-8
What is 19 + -25 + 13 - ((12 - 10) + 110 - 9)?
-96
What is the value of 51 - (49 + -53) - 56?
-1
What is (-11 - (4 + 5 + (1 - 9))) + 26?
14
What is -26 + 19 + -1 + (12 - 1)?
3
Evaluate -40 - (13 + -37 + 28).
-44
What is the value of -92 - -19 - (-694 - -734)?
-113
What is 2 - (-5 - -18) - (-613 - -652)?
-50
What is (14 - 20) + (-1 - 8 - -10) - -16 - 116?
-105
What is the value of 1 - 3 - (-3 + 6) - (75 + -178)?
98
What is -1 - -3 - (-49 - -60 - (-6 - -1 - 46))?
-60
Evaluate -19 + -11 + 10 + 0 + 3.
-17
(-40 + 4 - (-410 + 335)) + -1 + 4
42
Evaluate 21 - (-5 - ((-2 - -18) + -29 - 1)).
12
What is the value of 27 - (11 + (-19 - -29)) - 18?
-12
Calculate -73 - (20 + -35) - (57 + -60).
-55
What is -59 - -70 - (-8 + -4) - 52?
-29
What is the value of 2 + 23 + -89 + 49 + 59?
44
Calculate 0 + 1 + 46 + (121 - (-149 + 278)).
39
Calculate (-251 + 249 - ((2 - (4 - -1)) + 7)) + -17.
-23
(-3 - (-16 + 8) - (-68 + 0)) + (167 - 178)
62
Evaluate 114 + (23 - -10) + -80 + 10.
77
(-916 - -923) + 2 + 1 + 26
36
Evaluate -38 + 10 - ((-17 - -12) + 11).
-34
What is the value of -18 - (-9 + 8 - 16 - 1) - (-10 - -1)?
9
58 + (-18 - -1) + -2 + -7
32
Calculate -40 + 48 + -7 + 9 - (0 + 14 + -1).
-3
What is 16 + 1 + 58 + -85 + -31?
-41
Calculate -37 + 97 + -110 + 79.
29
Calculate -103 + (-13 - (7 + -35 - 20)).
-68
Calculate 10 + (39 + -42 - (-29 + 3)).
33
What is the value of -